
Let b be 6/(-3) - (0 - 0). Let t(l) be the third derivative of -l**5/15 + l**4/24 - 256*l**2. Determine t(b).
-18
Let n(f) be the first derivative of f**2/2 + 2*f - 79. Give n(5).
7
Suppose -r + 28 = 6*r. Let f(g) = g**3 - g**2. Let i(q) = 3*q**3 - 11*q**2 + 2*q + 8. Let w(m) = r*f(m) - i(m). Let u be 2/(2*(-1)/7). Give w(u).
6
Let v(f) be the third derivative of -f**6/120 - 11*f**5/60 - 3*f**4/8 + 4*f**3/3 - 34*f**2 - 2. Determine v(-10).
-2
Let m = 64 + -64. Suppose -4*v + m = -4. Let q(n) = n**2 + n - 1. Let a(r) = 3*r**2 + 6*r - 5. Let g(x) = a(x) - 6*q(x). Determine g(v).
-2
Let x = 442 + -436. Let g(t) = 5*t - 6. Determine g(x).
24
Suppose 35 = 77*w + 189. Let h(z) = 10*z**2 + 3*z. Calculate h(w).
34
Let y(u) = -2*u**3 - u**2 - 4*u - 1. Let q(m) = -11*m**3 - 5*m**2 - 18*m - 3. Let k(w) = q(w) - 5*y(w). What is k(2)?
-2
Let r(n) be the third derivative of 5*n**4/24 + n**3/3 - 102*n**2. What is r(-5)?
-23
Let u(r) = -28*r + 16*r + 13*r - 19. Give u(0).
-19
Let w(p) be the second derivative of -p**4/24 - p**3/3 + p**2 + 2*p. Let u(j) be the first derivative of w(j). Let v = -482 + 478. What is u(v)?
2
Let y(m) = -7*m**2 - 28*m + 19. Let v(k) = -2*k**2 - 7*k + 5. Let j(g) = -22*v(g) + 6*y(g). What is j(7)?
4
Let a(c) = -9*c**2 - 6*c + 13. Let h be a(4). Let s = h - -157. Let v(i) = -10*i - 1. Give v(s).
-21
Let j(n) = n**3 + 6*n**2 - n - 6. Suppose 4*b - 51 = -75. Give j(b).
0
Let v(t) = t**2 + 7*t - 14. Let n(p) = p**3 + 14*p**2 + 22*p - 32. Let g be n(-12). Give v(g).
-6
Let j(l) = 36*l**2 + 26. Let g(u) = -18*u**2 - 15. Let q(m) = 7*g(m) + 4*j(m). Give q(1).
17
Let t(d) = 2*d - 15. Let i(w) = 31*w - 87. Let b be i(3). Calculate t(b).
-3
Let g be (10/6 - 2)*(37 + -49). Let p(h) be the third derivative of 0 - 3/8*h**g + 1/60*h**5 + 7*h**2 + 5/3*h**3 + 0*h. Give p(7).
-4
Let d be (-4)/14 - 37/(-7). Let h(b) be the second derivative of 18*b - 1/6*b**3 + b**2 + 0. Determine h(d).
-3
Let y(m) be the third derivative of -m**6/120 + m**5/20 - m**4/8 - m**2. Let q = -549 + 551. Calculate y(q).
-2
Let l be 1/(6/(-8))*(-96)/64. Let i(t) = 12*t - l + 0*t**2 - 20*t + t**2 + 13*t. Let d(u) = u**2 - 7*u + 6. Let h be d(4). Give i(h).
4
Let r(b) = 5*b + 22*b - 28*b - 7 - 1. What is r(-8)?
0
Let w(n) = -3*n - 7. Let k(v) = -13*v - 30. Let j(l) = -4*k(l) + 18*w(l). Determine j(-4).
2
Let g(z) be the second derivative of -z**3/3 - 3*z**2/2 + 7*z + 3. Give g(-2).
1
Let s = -568 + 574. Let z(g) = -2 - 2*g + 6 + 0. Calculate z(s).
-8
Let o(m) be the first derivative of m**3/6 - 3*m**2/2 - 32*m - 5. Let c(q) be the first derivative of o(q). Give c(5).
2
Let p(n) = 31*n - 45*n + 16*n - 6 - n**2. What is p(4)?
-14
Let u(p) = -p**2 + 4*p. Let d(f) = 2*f + 6. Let w(r) = -r - 3. Let i be w(6). Let x be d(i). Let g = x + 14. Determine u(g).
4
Let a(f) = -29*f - 3 + 1 - 26*f + 54*f + 0. Give a(-16).
14
Let g(h) = -3*h**2 - 3*h**2 + 4*h**2 + 4*h**2 + 5*h - 3*h**2 + 4. Calculate g(7).
-10
Let o(q) be the first derivative of 4*q**2 + q + 1. Let t be (18/12 - 10)*(-20)/85. Give o(t).
17
Let y = -957 + 964. Let s(h) = 2*h - 17. What is s(y)?
-3
Let s(q) = q**3 - 13*q**2 - 2*q + 4. Let o(g) = -g**2. Let k(r) = 6*o(r) - s(r). Determine k(7).
10
Let y(q) = 29*q - 2. Let n(x) = 14*x - 1. Let k be ((-3)/(-4))/(1/(-4)). Let p(c) = k*y(c) + 7*n(c). Let b(f) = -7*f + 55. Let t be b(8). Determine p(t).
-12
Let g(y) be the first derivative of -y**3/3 + 3*y**2/2 - 4*y - 2. Let c(a) = -2419 + a + 0*a + 2423. Let s be c(0). Give g(s).
-8
Suppose -3*r = 5*l + 7, 3*r = 2*l - 4*l - 1. Suppose 4*j = 3*o - 8 - 24, -27 = -3*o + 3*j. Let y(p) = -o + 4 + 2*p - 7*p**2 - 1 - 3*p**2. Determine y(r).
-9
Let p(g) = 7*g - 11*g - g + 4*g. What is p(-3)?
3
Let d = 2225 + -2231. Let k(j) = 7*j + 29. What is k(d)?
-13
Suppose -33 + 14 = -19*z. Let g(j) = 36*j**2 - j + 1. Give g(z).
36
Let x(g) = -103*g**3 + 104*g**3 - 3*g**2 - 3 + 0*g - g. Suppose -6 = 2*c + c. Let b be c/((-10)/6 - -1). What is x(b)?
-6
Let w(b) be the first derivative of 1/3*b**3 + 9/2*b**2 - 3*b + 8. Calculate w(-8).
-11
Let c = 98 - 86. Let j(b) = -b + 5. What is j(c)?
-7
Let y be 7/4 - (-3)/12. Let f(m) = -3*m**2 - 2*m + 6. Let d(x) = -1. Let n(t) = -3*d(t) - f(t). Give n(y).
13
Let c(i) = i + 6. Suppose 0 = 9*o - 7 + 88. Give c(o).
-3
Let i(a) = 3*a**2 - 2*a**3 - 2*a + a - 4*a**2. Let v(t) = -t**2 + 6*t - 1. Let u be v(6). Let c be u/1 + (1 - 1). Determine i(c).
2
Let b(g) = -20 + 6 + 7 + 4*g + 3. What is b(3)?
8
Let v(y) = 3*y - 4*y + 2*y. Suppose -9*z + 5 = -14*z. Let a be v(z). Let k(n) = n**3 - 2*n**2 + 1. Determine k(a).
-2
Suppose 2*t + 18 = l, 0*t - 2*l = 2*t + 18. Let q = -9 - t. Let m(h) = -h**3 - h**2 + h - 6. Determine m(q).
-6
Suppose 3*q = 3*t - 3, -2*t - q - 4 = 9. Let j(o) = 4*o + 2. Give j(t).
-14
Let v(g) = 4*g**3 - 11*g - 8*g - g**2 - 5*g**3 - 1 + 20*g**2 + 13. What is v(18)?
-6
Let n(v) = 28*v - 138. Let s be n(5). Let x(a) = -2*a - 3. Give x(s).
-7
Suppose 4*s + 0*y - 3*y = 3, -3*s + 3*y = -6. Let a(x) = -x**3 - 3*x**2 - 4*x + 1. Determine a(s).
13
Let t(g) = 2 + 2*g - 10 + 13. What is t(-10)?
-15
Suppose -2*h = -2, 3*n + h - 20 = -h. Let f be ((-28)/(-70))/(1/10). Let l(r) = 6*r**2 - f + 0*r - r**3 + 6*r - r**2. Determine l(n).
-4
Let u(i) = -i**3 + 1. Let f(m) = -5*m**3 - 5*m**2 - m + 6. Let n(q) = f(q) - 4*u(q). Calculate n(-3).
-13
Let f(g) = -g**3 - 20*g**2 - 18*g + 7. Let t be (2 - 15/(-2))/((-128)/256). Give f(t).
-12
Suppose 1 = 4*i - 5*n, -i + n = 6*i + 6. Let z(o) = -12*o**3 - o**2 - o - 1. Give z(i).
11
Let i(x) be the second derivative of -x**7/630 + x**6/240 - x**5/40 + 7*x**4/12 - x. Let w(j) be the third derivative of i(j). Calculate w(2).
-13
Let k = 52 - 56. Let v be 0 + ((-8)/(-2))/k. Let g(q) = -15*q. Calculate g(v).
15
Let w be ((-6)/14)/(12/(-84)). Let p(k) = -13 + 8*k**2 + 30*k + k**w - 31*k + 2*k**2 + 0. Give p(-10).
-3
Let o(c) = 0*c - 54 + 0*c - c + 4*c. Let f be o(19). Let y(z) = -z**2 + 3*z + 2. Give y(f).
2
Let l(q) = q**2 - 7*q - 1. Let u = -54 + 52. Let v be 336/60 - u/5. Calculate l(v).
-7
Let n = 166 - -289. Let w(m) = -8 + n*m - 454*m + 1. Calculate w(5).
-2
Let r(z) = z**3 - 9*z**2 + 6*z + 8. Let s = 1120 - 1114. Calculate r(s).
-64
Let l(u) = -9*u**2 + u. Let q(i) = -i**3 - i**2 + 3*i + 1. Let b be q(-2). What is l(b)?
-10
Suppose 3*y = 2*y - 3*f + 8, f - 10 = -4*y. Let m(n) = 6 - n**3 - 1 - 4*n - y - 5*n**2. Determine m(-4).
3
Let i = 8 + -7. Suppose -3 = -b - i. Let w(l) = 2*l**2 + 5*l**3 - 5 - 4*l**3 + b*l**2 + 3. What is w(-3)?
7
Suppose 0 = 4*y - 4 - 8. Let h(l) = 6*l**2 - 78*l + 3. Let z be h(13). Let t(k) = 2*k**3 - y*k**z + 1 + 3*k + 2*k**2 + 1. Calculate t(3).
2
Let q(p) = p + 3. Let z(u) = -6*u**2 - 28*u + 13. Let o be z(-5). Determine q(o).
6
Let g(k) = 10*k - 5. Let b(n) = n - 1. Let d(u) = 6*b(u) - g(u). Give d(1).
-5
Let v(q) = 20*q**2 - 46*q**2 + 1 + q**3 - q + 25*q**2 + 2*q. Suppose -5*g = -8*g + 6. What is v(g)?
7
Let c(l) = -l**3 - 4*l**2 - 4*l - 4. Let t = -56 - -33. Let z = 20 + t. Determine c(z).
-1
Suppose u - 12 = 3*o - 57, 3*u - o = -119. Let w be (-8)/(-20) + u/(-15). Let r(p) = 0*p**3 - p**2 - 1 + 4 + 4*p + p**3 - 2*p**w. Determine r(-2).
-1
Let i(r) = r**3 + 6*r**2 - r + 2. Suppose 0 = -4*v + 4*a + 32, 5*v + 2*a = 10 + 16. Suppose 3*q = v*q + 18. Determine i(q).
8
Let f be (-15)/((-210)/(-118)) + (-3)/(-7). Let m(g) be the first derivative of g**4/4 + 3*g**3 + 9*g**2/2 + 7*g + 1. Determine m(f).
-1
Let l(i) = 10 - 311*i + 0*i**2 + i**3 - 3*i**2 + 306*i. What is l(4)?
6
Let p(d) = d**3 - 20*d**2 + d - 21. Let g be p(20). Let w(b) = 4*b + 2. Give w(g).
-2
Suppose 0 = 3*j - 3*q + 8*q - 21, -2*j - 4*q = -14. Let l(h) = h**2 - 7*h - 6. Give l(j).
-6
Let z(c) = c**2 + c - 1. Let y(w) = 22*w + 327. Let h be y(-15). Give z(h).
5
Let y(g) = -2434 - 2*g**2 + 3*g**2 + 2435 + g. What is y(-4)?
13
Let d(n) = -n. Suppose -5*g = -13 - 2. Suppose 0*y = p - 3*y + 15, 2*y + 12 = -g*p. Let z be p/(-3) - -2*1. Determine d(z).
-4
Let h be (-2)/(-6) - (-72)/27. Let p(u) = -u**2 + 2. Let d(j) = -j**2 + 2. Let i(k) = h*p(k) - 4*d(k). Determine i(2).
2
Let l(n) be the second derivative of n**5/20 - n**4/3 - n**3/6 + 5*n**2/2 - 2*n. Suppose -701*o + 700*o = -4. What is l(o)?
1
Let d(n) = n**3 - 2*n**2 - 2*n - 4. Let v(o) = o**3 + 10*o**2 + 22*o + 10. Let j be v(-7). Giv